{"id":664,"date":"2024-02-09T09:19:22","date_gmt":"2024-02-09T09:19:22","guid":{"rendered":"https:\/\/www.hdmotorsport.ro\/?page_id=664"},"modified":"2024-02-11T12:58:59","modified_gmt":"2024-02-11T12:58:59","slug":"cupa-caprioara-editia-ii","status":"publish","type":"page","link":"https:\/\/www.hdmotorsport.ro\/?page_id=664","title":{"rendered":"Cupa Caprioara editia II"},"content":{"rendered":"\t\t<div data-elementor-type=\"wp-page\" data-elementor-id=\"664\" class=\"elementor elementor-664\">\n\t\t\t\t\t\t\t\t\t<section class=\"elementor-section elementor-top-section elementor-element elementor-element-32f35955 elementor-section-content-middle elementor-section-boxed elementor-section-height-default elementor-section-height-default\" data-id=\"32f35955\" data-element_type=\"section\">\n\t\t\t\t\t\t<div class=\"elementor-container elementor-column-gap-no\">\n\t\t\t\t\t<div class=\"elementor-column elementor-col-100 elementor-top-column elementor-element elementor-element-22947e03\" data-id=\"22947e03\" data-element_type=\"column\">\n\t\t\t<div class=\"elementor-widget-wrap elementor-element-populated\">\n\t\t\t\t\t\t\t\t<div class=\"elementor-element elementor-element-169ff1e6 elementor-widget elementor-widget-image\" data-id=\"169ff1e6\" data-element_type=\"widget\" data-widget_type=\"image.default\">\n\t\t\t\t<div class=\"elementor-widget-container\">\n\t\t\t<style>\/*! elementor - v3.16.0 - 09-10-2023 *\/\n.elementor-widget-image{text-align:center}.elementor-widget-image a{display:inline-block}.elementor-widget-image a img[src$=\".svg\"]{width:48px}.elementor-widget-image img{vertical-align:middle;display:inline-block}<\/style>\t\t\t\t\t\t\t\t\t\t\t\t<img decoding=\"async\" src=\"https:\/\/www.hdmotorsport.ro\/wp-content\/uploads\/2024\/02\/391605784_207137685730879_2329998469087045969_n.jpg\" title=\"391605784_207137685730879_2329998469087045969_n\" alt=\"391605784_207137685730879_2329998469087045969_n\" loading=\"lazy\" \/>\t\t\t\t\t\t\t\t\t\t\t\t\t\t\t<\/div>\n\t\t\t\t<\/div>\n\t\t\t\t<div class=\"elementor-element elementor-element-1c8f82d9 elementor-widget elementor-widget-heading\" data-id=\"1c8f82d9\" data-element_type=\"widget\" data-widget_type=\"heading.default\">\n\t\t\t\t<div class=\"elementor-widget-container\">\n\t\t\t<style>\/*! elementor - v3.16.0 - 09-10-2023 *\/\n.elementor-heading-title{padding:0;margin:0;line-height:1}.elementor-widget-heading .elementor-heading-title[class*=elementor-size-]>a{color:inherit;font-size:inherit;line-height:inherit}.elementor-widget-heading .elementor-heading-title.elementor-size-small{font-size:15px}.elementor-widget-heading .elementor-heading-title.elementor-size-medium{font-size:19px}.elementor-widget-heading .elementor-heading-title.elementor-size-large{font-size:29px}.elementor-widget-heading .elementor-heading-title.elementor-size-xl{font-size:39px}.elementor-widget-heading .elementor-heading-title.elementor-size-xxl{font-size:59px}<\/style><h3 class=\"elementor-heading-title elementor-size-default\">CUPA C\u0102PRIOARA edi\u021bia II<\/h3>\t\t<\/div>\n\t\t\t\t<\/div>\n\t\t\t\t<div class=\"elementor-element elementor-element-73f9047a elementor-widget elementor-widget-text-editor\" data-id=\"73f9047a\" data-element_type=\"widget\" data-widget_type=\"text-editor.default\">\n\t\t\t\t<div class=\"elementor-widget-container\">\n\t\t\t<style>\/*! elementor - v3.16.0 - 09-10-2023 *\/\n.elementor-widget-text-editor.elementor-drop-cap-view-stacked .elementor-drop-cap{background-color:#69727d;color:#fff}.elementor-widget-text-editor.elementor-drop-cap-view-framed .elementor-drop-cap{color:#69727d;border:3px solid;background-color:transparent}.elementor-widget-text-editor:not(.elementor-drop-cap-view-default) .elementor-drop-cap{margin-top:8px}.elementor-widget-text-editor:not(.elementor-drop-cap-view-default) .elementor-drop-cap-letter{width:1em;height:1em}.elementor-widget-text-editor .elementor-drop-cap{float:left;text-align:center;line-height:1;font-size:50px}.elementor-widget-text-editor .elementor-drop-cap-letter{display:inline-block}<\/style>\t\t\t\t<p>CURS\u0102 DE VITEZ\u0102 \u00ceN COAST\u0102 \/ DEVA\u00a0<\/p>\t\t\t\t\t\t<\/div>\n\t\t\t\t<\/div>\n\t\t\t\t<section class=\"elementor-section elementor-inner-section elementor-element elementor-element-6d1e2f11 elementor-section-boxed elementor-section-height-default elementor-section-height-default\" data-id=\"6d1e2f11\" data-element_type=\"section\">\n\t\t\t\t\t\t<div class=\"elementor-container elementor-column-gap-default\">\n\t\t\t\t\t<div class=\"elementor-column elementor-col-100 elementor-inner-column elementor-element elementor-element-36beb675\" data-id=\"36beb675\" data-element_type=\"column\">\n\t\t\t<div class=\"elementor-widget-wrap elementor-element-populated\">\n\t\t\t\t\t\t\t\t<div class=\"elementor-element elementor-element-183627d6 elementor-widget elementor-widget-text-editor\" data-id=\"183627d6\" data-element_type=\"widget\" data-widget_type=\"text-editor.default\">\n\t\t\t\t<div class=\"elementor-widget-container\">\n\t\t\t\t\t\t\t<p>\u00cen 14 octombrie 2023, a avut loc cea de-a II-a etap\u0103 a\u00a0 &#8220;Cupei C\u0103prioara&#8221;, organizat\u0103 de clubul HD Motorsport \u00een colaborare cu Prim\u0103ria Municipiului Deva si Federatia Rom\u00e2n\u0103 de Automobilism Sportiv. Evenimentul a reunit aproximativ 50 de pilo\u021bi din \u00eentreaga \u021bar\u0103, gata s\u0103 concureze pe un traseu montan de 2,8 kilometri, pe Drumul Jude\u021bean 707J C\u0103prioara-Deva.<\/p><p>La competi\u021bie au avut dreptul s\u0103 participe at\u00e2t pilo\u021bi licen\u021bia\u021bi c\u00e2t \u0219i amatori. To\u021bi concuren\u021bii, indiferent de categorie, trebuiau s\u0103 de\u021bin\u0103 permis de conducere de minimum un an. Pentru a asigura o competi\u021bie echitabil\u0103, organizatorii au stabilit trei clase de concurs \u00een func\u021bie de puterea vehiculelor: clasa 1 &#8211; p\u00e2n\u0103 la 1600 cm3, clasa 2 &#8211; \u00eentre 1601 cm3 &#8211; 2000 cm3\u00a0 \u0219i clasa 3 &#8211; peste 2000 cm3. Probele concursului au constat \u00een urcarea contra cronometru pe traseul montan, \u00een dou\u0103 man\u0219e, \u00een regim de circula\u021bie \u00eenchis\u0103. Cronometrarea a fost realizat\u0103 la zecime de secund\u0103, iar pentru stabilirea clasamentului final s-au cumulat timpii ob\u021binu\u021bi \u00een cele dou\u0103 man\u0219e cronometrate.<\/p><p>Startul oficial al competi\u021biei a fost programat la ora 14, iar festivitatea de premiere s-a desf\u0103\u0219urat \u00een parcul service, la ora 19. Evenimentul a fost un prilej de \u00eencle\u0219tare \u0219i demonstrare a abilit\u0103\u021bilor pilo\u021bilor, sub privirile pasiona\u021bilor \u0219i a sus\u021bin\u0103torilor entuzia\u0219ti.<\/p>\t\t\t\t\t\t<\/div>\n\t\t\t\t<\/div>\n\t\t\t\t\t<\/div>\n\t\t<\/div>\n\t\t\t\t\t\t\t<\/div>\n\t\t<\/section>\n\t\t\t\t\t<\/div>\n\t\t<\/div>\n\t\t\t\t\t\t\t<\/div>\n\t\t<\/section>\n\t\t\t\t<section class=\"elementor-section elementor-top-section elementor-element elementor-element-2719d341 elementor-section-content-middle elementor-section-boxed elementor-section-height-default elementor-section-height-default\" data-id=\"2719d341\" data-element_type=\"section\">\n\t\t\t\t\t\t<div class=\"elementor-container elementor-column-gap-no\">\n\t\t\t\t\t<div class=\"elementor-column elementor-col-100 elementor-top-column elementor-element elementor-element-44fbe121\" data-id=\"44fbe121\" data-element_type=\"column\">\n\t\t\t<div class=\"elementor-widget-wrap elementor-element-populated\">\n\t\t\t\t\t\t\t\t<div class=\"elementor-element elementor-element-2b6c6dac elementor-widget elementor-widget-heading\" data-id=\"2b6c6dac\" data-element_type=\"widget\" data-widget_type=\"heading.default\">\n\t\t\t\t<div class=\"elementor-widget-container\">\n\t\t\t<h4 class=\"elementor-heading-title elementor-size-default\">Clasament Cupa C\u0103prioara<\/h4>\t\t<\/div>\n\t\t\t\t<\/div>\n\t\t\t\t<section class=\"elementor-section elementor-inner-section elementor-element elementor-element-d8d2034 elementor-section-content-middle elementor-section-boxed elementor-section-height-default elementor-section-height-default\" data-id=\"d8d2034\" data-element_type=\"section\">\n\t\t\t\t\t\t<div class=\"elementor-container elementor-column-gap-no\">\n\t\t\t\t\t<div class=\"elementor-column elementor-col-100 elementor-inner-column elementor-element elementor-element-379c748d\" data-id=\"379c748d\" data-element_type=\"column\" data-settings=\"{&quot;background_background&quot;:&quot;classic&quot;}\">\n\t\t\t<div class=\"elementor-widget-wrap elementor-element-populated\">\n\t\t\t\t\t\t\t\t<div class=\"elementor-element elementor-element-16cd89fb elementor-position-top elementor-widget elementor-widget-image-box\" data-id=\"16cd89fb\" data-element_type=\"widget\" data-widget_type=\"image-box.default\">\n\t\t\t\t<div class=\"elementor-widget-container\">\n\t\t\t<style>\/*! elementor - v3.16.0 - 09-10-2023 *\/\n.elementor-widget-image-box .elementor-image-box-content{width:100%}@media (min-width:768px){.elementor-widget-image-box.elementor-position-left .elementor-image-box-wrapper,.elementor-widget-image-box.elementor-position-right .elementor-image-box-wrapper{display:flex}.elementor-widget-image-box.elementor-position-right .elementor-image-box-wrapper{text-align:right;flex-direction:row-reverse}.elementor-widget-image-box.elementor-position-left .elementor-image-box-wrapper{text-align:left;flex-direction:row}.elementor-widget-image-box.elementor-position-top .elementor-image-box-img{margin:auto}.elementor-widget-image-box.elementor-vertical-align-top .elementor-image-box-wrapper{align-items:flex-start}.elementor-widget-image-box.elementor-vertical-align-middle .elementor-image-box-wrapper{align-items:center}.elementor-widget-image-box.elementor-vertical-align-bottom .elementor-image-box-wrapper{align-items:flex-end}}@media (max-width:767px){.elementor-widget-image-box .elementor-image-box-img{margin-left:auto!important;margin-right:auto!important;margin-bottom:15px}}.elementor-widget-image-box .elementor-image-box-img{display:inline-block}.elementor-widget-image-box .elementor-image-box-title a{color:inherit}.elementor-widget-image-box .elementor-image-box-wrapper{text-align:center}.elementor-widget-image-box .elementor-image-box-description{margin:0}<\/style><div class=\"elementor-image-box-wrapper\"><figure class=\"elementor-image-box-img\"><img loading=\"lazy\" decoding=\"async\" width=\"256\" height=\"256\" src=\"https:\/\/www.hdmotorsport.ro\/wp-content\/uploads\/2023\/10\/certificate.png\" class=\"elementor-animation-grow attachment-full size-full wp-image-622\" alt=\"\" srcset=\"https:\/\/www.hdmotorsport.ro\/wp-content\/uploads\/2023\/10\/certificate.png 256w, https:\/\/www.hdmotorsport.ro\/wp-content\/uploads\/2023\/10\/certificate-150x150.png 150w\" sizes=\"auto, (max-width: 256px) 100vw, 256px\" \/><\/figure><div class=\"elementor-image-box-content\"><h3 class=\"elementor-image-box-title\">EDI\u021aIA A II-A<\/h3><\/div><\/div>\t\t<\/div>\n\t\t\t\t<\/div>\n\t\t\t\t<div class=\"elementor-element elementor-element-71d9bf84 elementor-align-center elementor-widget elementor-widget-button\" data-id=\"71d9bf84\" data-element_type=\"widget\" data-widget_type=\"button.default\">\n\t\t\t\t<div class=\"elementor-widget-container\">\n\t\t\t\t\t<div class=\"elementor-button-wrapper\">\n\t\t\t<a class=\"elementor-button elementor-button-link elementor-size-sm\" href=\"https:\/\/www.hdmotorsport.ro\/wp-content\/uploads\/2023\/10\/clasament-141023-4.pdf\" target=\"_blank\">\n\t\t\t\t\t\t<span class=\"elementor-button-content-wrapper\">\n\t\t\t\t\t\t<span class=\"elementor-button-text\">descarc\u0103<\/span>\n\t\t<\/span>\n\t\t\t\t\t<\/a>\n\t\t<\/div>\n\t\t\t\t<\/div>\n\t\t\t\t<\/div>\n\t\t\t\t\t<\/div>\n\t\t<\/div>\n\t\t\t\t\t\t\t<\/div>\n\t\t<\/section>\n\t\t\t\t\t<\/div>\n\t\t<\/div>\n\t\t\t\t\t\t\t<\/div>\n\t\t<\/section>\n\t\t\t\t<section class=\"elementor-section elementor-top-section elementor-element elementor-element-384e70f3 elementor-section-content-middle elementor-section-stretched elementor-section-boxed elementor-section-height-default elementor-section-height-default\" data-id=\"384e70f3\" data-element_type=\"section\" data-settings=\"{&quot;stretch_section&quot;:&quot;section-stretched&quot;}\">\n\t\t\t\t\t\t<div class=\"elementor-container elementor-column-gap-no\">\n\t\t\t\t\t<div class=\"elementor-column elementor-col-100 elementor-top-column elementor-element elementor-element-2d135e2c\" data-id=\"2d135e2c\" data-element_type=\"column\">\n\t\t\t<div class=\"elementor-widget-wrap elementor-element-populated\">\n\t\t\t\t\t\t\t\t<div class=\"elementor-element elementor-element-5ab24fa6 elementor-widget elementor-widget-heading\" data-id=\"5ab24fa6\" data-element_type=\"widget\" data-widget_type=\"heading.default\">\n\t\t\t\t<div class=\"elementor-widget-container\">\n\t\t\t<h4 class=\"elementor-heading-title elementor-size-default\">PARTENERI<\/h4>\t\t<\/div>\n\t\t\t\t<\/div>\n\t\t\t\t<section class=\"elementor-section elementor-inner-section elementor-element elementor-element-4410ba8 elementor-section-content-middle elementor-section-boxed elementor-section-height-default elementor-section-height-default\" data-id=\"4410ba8\" data-element_type=\"section\">\n\t\t\t\t\t\t<div class=\"elementor-container elementor-column-gap-no\">\n\t\t\t\t\t<div class=\"elementor-column elementor-col-33 elementor-inner-column elementor-element elementor-element-518c0908\" data-id=\"518c0908\" data-element_type=\"column\">\n\t\t\t<div class=\"elementor-widget-wrap elementor-element-populated\">\n\t\t\t\t\t\t\t\t<div class=\"elementor-element elementor-element-2706820d elementor-widget elementor-widget-image\" data-id=\"2706820d\" data-element_type=\"widget\" data-widget_type=\"image.default\">\n\t\t\t\t<div class=\"elementor-widget-container\">\n\t\t\t\t\t\t\t\t\t\t\t\t\t\t\t<img loading=\"lazy\" decoding=\"async\" width=\"322\" height=\"276\" src=\"https:\/\/www.hdmotorsport.ro\/wp-content\/uploads\/2023\/06\/CONSTRUCT-JR.png\" class=\"attachment-large size-large wp-image-223\" alt=\"\" srcset=\"https:\/\/www.hdmotorsport.ro\/wp-content\/uploads\/2023\/06\/CONSTRUCT-JR.png 322w, https:\/\/www.hdmotorsport.ro\/wp-content\/uploads\/2023\/06\/CONSTRUCT-JR-300x257.png 300w\" sizes=\"auto, (max-width: 322px) 100vw, 322px\" \/>\t\t\t\t\t\t\t\t\t\t\t\t\t\t\t<\/div>\n\t\t\t\t<\/div>\n\t\t\t\t\t<\/div>\n\t\t<\/div>\n\t\t\t\t<div class=\"elementor-column elementor-col-33 elementor-inner-column elementor-element elementor-element-2af0e8b\" data-id=\"2af0e8b\" data-element_type=\"column\">\n\t\t\t<div class=\"elementor-widget-wrap elementor-element-populated\">\n\t\t\t\t\t\t\t\t<div class=\"elementor-element elementor-element-6d6f61cd elementor-widget elementor-widget-image\" data-id=\"6d6f61cd\" data-element_type=\"widget\" data-widget_type=\"image.default\">\n\t\t\t\t<div class=\"elementor-widget-container\">\n\t\t\t\t\t\t\t\t\t\t\t\t\t\t\t<img loading=\"lazy\" decoding=\"async\" width=\"1000\" height=\"359\" src=\"https:\/\/www.hdmotorsport.ro\/wp-content\/uploads\/2023\/06\/CORAMEX.png\" class=\"attachment-large size-large wp-image-234\" alt=\"\" srcset=\"https:\/\/www.hdmotorsport.ro\/wp-content\/uploads\/2023\/06\/CORAMEX.png 1000w, https:\/\/www.hdmotorsport.ro\/wp-content\/uploads\/2023\/06\/CORAMEX-300x108.png 300w, https:\/\/www.hdmotorsport.ro\/wp-content\/uploads\/2023\/06\/CORAMEX-768x276.png 768w, https:\/\/www.hdmotorsport.ro\/wp-content\/uploads\/2023\/06\/CORAMEX-600x215.png 600w\" sizes=\"auto, (max-width: 1000px) 100vw, 1000px\" \/>\t\t\t\t\t\t\t\t\t\t\t\t\t\t\t<\/div>\n\t\t\t\t<\/div>\n\t\t\t\t\t<\/div>\n\t\t<\/div>\n\t\t\t\t<div class=\"elementor-column elementor-col-33 elementor-inner-column elementor-element elementor-element-a37561a\" data-id=\"a37561a\" data-element_type=\"column\">\n\t\t\t<div class=\"elementor-widget-wrap elementor-element-populated\">\n\t\t\t\t\t\t\t\t<div class=\"elementor-element elementor-element-1ac14b56 elementor-widget elementor-widget-image\" data-id=\"1ac14b56\" data-element_type=\"widget\" data-widget_type=\"image.default\">\n\t\t\t\t<div class=\"elementor-widget-container\">\n\t\t\t\t\t\t\t\t\t\t\t\t\t\t\t<img loading=\"lazy\" decoding=\"async\" width=\"544\" height=\"543\" src=\"https:\/\/www.hdmotorsport.ro\/wp-content\/uploads\/2023\/06\/VIDI.png\" class=\"attachment-full size-full wp-image-218\" alt=\"\" srcset=\"https:\/\/www.hdmotorsport.ro\/wp-content\/uploads\/2023\/06\/VIDI.png 544w, https:\/\/www.hdmotorsport.ro\/wp-content\/uploads\/2023\/06\/VIDI-300x300.png 300w, https:\/\/www.hdmotorsport.ro\/wp-content\/uploads\/2023\/06\/VIDI-150x150.png 150w\" sizes=\"auto, (max-width: 544px) 100vw, 544px\" \/>\t\t\t\t\t\t\t\t\t\t\t\t\t\t\t<\/div>\n\t\t\t\t<\/div>\n\t\t\t\t\t<\/div>\n\t\t<\/div>\n\t\t\t\t\t\t\t<\/div>\n\t\t<\/section>\n\t\t\t\t<section class=\"elementor-section elementor-inner-section elementor-element elementor-element-44e05e82 elementor-section-content-middle elementor-section-boxed elementor-section-height-default elementor-section-height-default\" data-id=\"44e05e82\" data-element_type=\"section\">\n\t\t\t\t\t\t<div class=\"elementor-container elementor-column-gap-no\">\n\t\t\t\t\t<div class=\"elementor-column elementor-col-33 elementor-inner-column elementor-element elementor-element-48ad41e2\" data-id=\"48ad41e2\" data-element_type=\"column\">\n\t\t\t<div class=\"elementor-widget-wrap elementor-element-populated\">\n\t\t\t\t\t\t\t\t<div class=\"elementor-element elementor-element-58e84044 elementor-widget elementor-widget-image\" data-id=\"58e84044\" data-element_type=\"widget\" data-widget_type=\"image.default\">\n\t\t\t\t<div class=\"elementor-widget-container\">\n\t\t\t\t\t\t\t\t\t\t\t\t\t\t\t<img loading=\"lazy\" decoding=\"async\" width=\"540\" height=\"146\" src=\"https:\/\/www.hdmotorsport.ro\/wp-content\/uploads\/2023\/06\/best-phone.png\" class=\"attachment-large size-large wp-image-216\" alt=\"\" srcset=\"https:\/\/www.hdmotorsport.ro\/wp-content\/uploads\/2023\/06\/best-phone.png 540w, https:\/\/www.hdmotorsport.ro\/wp-content\/uploads\/2023\/06\/best-phone-300x81.png 300w\" sizes=\"auto, (max-width: 540px) 100vw, 540px\" \/>\t\t\t\t\t\t\t\t\t\t\t\t\t\t\t<\/div>\n\t\t\t\t<\/div>\n\t\t\t\t\t<\/div>\n\t\t<\/div>\n\t\t\t\t<div class=\"elementor-column elementor-col-33 elementor-inner-column elementor-element elementor-element-f25f31\" data-id=\"f25f31\" data-element_type=\"column\">\n\t\t\t<div class=\"elementor-widget-wrap elementor-element-populated\">\n\t\t\t\t\t\t\t\t<div class=\"elementor-element elementor-element-66cdab68 elementor-widget elementor-widget-image\" data-id=\"66cdab68\" data-element_type=\"widget\" data-widget_type=\"image.default\">\n\t\t\t\t<div class=\"elementor-widget-container\">\n\t\t\t\t\t\t\t\t\t\t\t\t\t\t\t<img loading=\"lazy\" decoding=\"async\" width=\"669\" height=\"268\" src=\"https:\/\/www.hdmotorsport.ro\/wp-content\/uploads\/2023\/06\/logo_autosally.png\" class=\"attachment-large size-large wp-image-217\" alt=\"\" srcset=\"https:\/\/www.hdmotorsport.ro\/wp-content\/uploads\/2023\/06\/logo_autosally.png 669w, https:\/\/www.hdmotorsport.ro\/wp-content\/uploads\/2023\/06\/logo_autosally-300x120.png 300w, https:\/\/www.hdmotorsport.ro\/wp-content\/uploads\/2023\/06\/logo_autosally-600x240.png 600w\" sizes=\"auto, (max-width: 669px) 100vw, 669px\" \/>\t\t\t\t\t\t\t\t\t\t\t\t\t\t\t<\/div>\n\t\t\t\t<\/div>\n\t\t\t\t\t<\/div>\n\t\t<\/div>\n\t\t\t\t<div class=\"elementor-column elementor-col-33 elementor-inner-column elementor-element elementor-element-1a97b361\" data-id=\"1a97b361\" data-element_type=\"column\">\n\t\t\t<div class=\"elementor-widget-wrap elementor-element-populated\">\n\t\t\t\t\t\t\t\t<div class=\"elementor-element elementor-element-45e8275b elementor-widget elementor-widget-image\" data-id=\"45e8275b\" data-element_type=\"widget\" data-widget_type=\"image.default\">\n\t\t\t\t<div class=\"elementor-widget-container\">\n\t\t\t\t\t\t\t\t\t\t\t\t\t\t\t<img loading=\"lazy\" decoding=\"async\" width=\"151\" height=\"80\" src=\"https:\/\/www.hdmotorsport.ro\/wp-content\/uploads\/2023\/06\/41235453.webp\" class=\"attachment-full size-full wp-image-527\" alt=\"\" \/>\t\t\t\t\t\t\t\t\t\t\t\t\t\t\t<\/div>\n\t\t\t\t<\/div>\n\t\t\t\t\t<\/div>\n\t\t<\/div>\n\t\t\t\t\t\t\t<\/div>\n\t\t<\/section>\n\t\t\t\t<section class=\"elementor-section elementor-inner-section elementor-element elementor-element-16d3c498 elementor-section-content-middle elementor-section-boxed elementor-section-height-default elementor-section-height-default\" data-id=\"16d3c498\" data-element_type=\"section\">\n\t\t\t\t\t\t<div class=\"elementor-container elementor-column-gap-no\">\n\t\t\t\t\t<div class=\"elementor-column elementor-col-50 elementor-inner-column elementor-element elementor-element-2f91506a\" data-id=\"2f91506a\" data-element_type=\"column\">\n\t\t\t<div class=\"elementor-widget-wrap elementor-element-populated\">\n\t\t\t\t\t\t\t\t<div class=\"elementor-element elementor-element-67659ffd elementor-widget elementor-widget-image\" data-id=\"67659ffd\" data-element_type=\"widget\" data-widget_type=\"image.default\">\n\t\t\t\t<div class=\"elementor-widget-container\">\n\t\t\t\t\t\t\t\t\t\t\t\t\t\t\t<img loading=\"lazy\" decoding=\"async\" width=\"674\" height=\"300\" src=\"https:\/\/www.hdmotorsport.ro\/wp-content\/uploads\/2023\/10\/ab09d7ed-76c3-4911-80c4-013472be8e13.png\" class=\"attachment-large size-large wp-image-595\" alt=\"\" srcset=\"https:\/\/www.hdmotorsport.ro\/wp-content\/uploads\/2023\/10\/ab09d7ed-76c3-4911-80c4-013472be8e13.png 674w, https:\/\/www.hdmotorsport.ro\/wp-content\/uploads\/2023\/10\/ab09d7ed-76c3-4911-80c4-013472be8e13-300x134.png 300w, https:\/\/www.hdmotorsport.ro\/wp-content\/uploads\/2023\/10\/ab09d7ed-76c3-4911-80c4-013472be8e13-600x267.png 600w\" sizes=\"auto, (max-width: 674px) 100vw, 674px\" \/>\t\t\t\t\t\t\t\t\t\t\t\t\t\t\t<\/div>\n\t\t\t\t<\/div>\n\t\t\t\t\t<\/div>\n\t\t<\/div>\n\t\t\t\t<div class=\"elementor-column elementor-col-50 elementor-inner-column elementor-element elementor-element-17a53b93\" data-id=\"17a53b93\" data-element_type=\"column\">\n\t\t\t<div class=\"elementor-widget-wrap elementor-element-populated\">\n\t\t\t\t\t\t\t\t<div class=\"elementor-element elementor-element-5dc07322 elementor-widget elementor-widget-image\" data-id=\"5dc07322\" data-element_type=\"widget\" data-widget_type=\"image.default\">\n\t\t\t\t<div class=\"elementor-widget-container\">\n\t\t\t\t\t\t\t\t\t\t\t\t\t\t\t<img loading=\"lazy\" decoding=\"async\" width=\"768\" height=\"768\" src=\"https:\/\/www.hdmotorsport.ro\/wp-content\/uploads\/2023\/10\/a98a82ed-ed87-438e-93bd-55b1a690695b.jpg\" class=\"attachment-large size-large wp-image-591\" alt=\"\" srcset=\"https:\/\/www.hdmotorsport.ro\/wp-content\/uploads\/2023\/10\/a98a82ed-ed87-438e-93bd-55b1a690695b.jpg 768w, https:\/\/www.hdmotorsport.ro\/wp-content\/uploads\/2023\/10\/a98a82ed-ed87-438e-93bd-55b1a690695b-300x300.jpg 300w, https:\/\/www.hdmotorsport.ro\/wp-content\/uploads\/2023\/10\/a98a82ed-ed87-438e-93bd-55b1a690695b-150x150.jpg 150w, https:\/\/www.hdmotorsport.ro\/wp-content\/uploads\/2023\/10\/a98a82ed-ed87-438e-93bd-55b1a690695b-650x650.jpg 650w, https:\/\/www.hdmotorsport.ro\/wp-content\/uploads\/2023\/10\/a98a82ed-ed87-438e-93bd-55b1a690695b-600x600.jpg 600w\" sizes=\"auto, (max-width: 768px) 100vw, 768px\" \/>\t\t\t\t\t\t\t\t\t\t\t\t\t\t\t<\/div>\n\t\t\t\t<\/div>\n\t\t\t\t\t<\/div>\n\t\t<\/div>\n\t\t\t\t\t\t\t<\/div>\n\t\t<\/section>\n\t\t\t\t\t<\/div>\n\t\t<\/div>\n\t\t\t\t\t\t\t<\/div>\n\t\t<\/section>\n\t\t\t\t\t\t\t<\/div>\n\t\t","protected":false},"excerpt":{"rendered":"<p>CUPA C\u0102PRIOARA edi\u021bia II CURS\u0102 DE VITEZ\u0102 \u00ceN COAST\u0102 \/ DEVA\u00a0 \u00cen 14 octombrie 2023, a avut loc cea de-a II-a etap\u0103 a\u00a0 &#8220;Cupei C\u0103prioara&#8221;, organizat\u0103 de clubul HD Motorsport [&hellip;]<\/p>\n","protected":false},"author":1,"featured_media":0,"parent":0,"menu_order":0,"comment_status":"closed","ping_status":"closed","template":"no-title","meta":{"_EventAllDay":false,"_EventTimezone":"","_EventStartDate":"","_EventEndDate":"","_EventStartDateUTC":"","_EventEndDateUTC":"","_EventShowMap":false,"_EventShowMapLink":false,"_EventURL":"","_EventCost":"","_EventCostDescription":"","_EventCurrencySymbol":"","_EventCurrencyCode":"","_EventCurrencyPosition":"","_EventDateTimeSeparator":"","_EventTimeRangeSeparator":"","_EventOrganizerID":[],"_EventVenueID":[],"_OrganizerEmail":"","_OrganizerPhone":"","_OrganizerWebsite":"","_VenueAddress":"","_VenueCity":"","_VenueCountry":"","_VenueProvince":"","_VenueState":"","_VenueZip":"","_VenuePhone":"","_VenueURL":"","_VenueStateProvince":"","_VenueLat":"","_VenueLng":"","_VenueShowMap":false,"_VenueShowMapLink":false,"footnotes":""},"class_list":["post-664","page","type-page","status-publish","hentry"],"featured_media_urls":[],"_links":{"self":[{"href":"https:\/\/www.hdmotorsport.ro\/index.php?rest_route=\/wp\/v2\/pages\/664","targetHints":{"allow":["GET"]}}],"collection":[{"href":"https:\/\/www.hdmotorsport.ro\/index.php?rest_route=\/wp\/v2\/pages"}],"about":[{"href":"https:\/\/www.hdmotorsport.ro\/index.php?rest_route=\/wp\/v2\/types\/page"}],"author":[{"embeddable":true,"href":"https:\/\/www.hdmotorsport.ro\/index.php?rest_route=\/wp\/v2\/users\/1"}],"replies":[{"embeddable":true,"href":"https:\/\/www.hdmotorsport.ro\/index.php?rest_route=%2Fwp%2Fv2%2Fcomments&post=664"}],"version-history":[{"count":22,"href":"https:\/\/www.hdmotorsport.ro\/index.php?rest_route=\/wp\/v2\/pages\/664\/revisions"}],"predecessor-version":[{"id":717,"href":"https:\/\/www.hdmotorsport.ro\/index.php?rest_route=\/wp\/v2\/pages\/664\/revisions\/717"}],"wp:attachment":[{"href":"https:\/\/www.hdmotorsport.ro\/index.php?rest_route=%2Fwp%2Fv2%2Fmedia&parent=664"}],"curies":[{"name":"wp","href":"https:\/\/api.w.org\/{rel}","templated":true}]}}